951?
5
What is the tens digit of 558?
5
What is the units digit of 6771?
1
What is the thousands digit of 1773?
1
What is the units digit of 634?
4
What is the thousands digit of 17534?
7
What is the tens digit of 712?
1
What is the thousands digit of 5568?
5
What is the units digit of 5005?
5
What is the units digit of 1134?
4
What is the hundreds digit of 4095?
0
What is the units digit of 10060?
0
What is the thousands digit of 5840?
5
What is the tens digit of 108148?
4
What is the hundreds digit of 1753?
7
What is the tens digit of 831?
3
What is the units digit of 6955?
5
What is the tens digit of 1014?
1
What is the units digit of 4713?
3
What is the hundreds digit of 80823?
8
What is the tens digit of 4104?
0
What is the ten thousands digit of 20431?
2
What is the tens digit of 158064?
6
What is the tens digit of 25382?
8
What is the thousands digit of 1877?
1
What is the hundreds digit of 661?
6
What is the hundreds digit of 12124?
1
What is the tens digit of 4724?
2
What is the units digit of 376?
6
What is the thousands digit of 1086?
1
What is the units digit of 4737?
7
What is the hundreds digit of 66297?
2
What is the ten thousands digit of 14958?
1
What is the hundreds digit of 5799?
7
What is the ten thousands digit of 55070?
5
What is the hundreds digit of 6413?
4
What is the thousands digit of 14957?
4
What is the units digit of 14364?
4
What is the units digit of 2997?
7
What is the tens digit of 466?
6
What is the hundreds digit of 54209?
2
What is the units digit of 37152?
2
What is the hundreds digit of 2896?
8
What is the thousands digit of 8997?
8
What is the hundreds digit of 762?
7
What is the thousands digit of 10054?
0
What is the tens digit of 13758?
5
What is the thousands digit of 51174?
1
What is the ten thousands digit of 165723?
6
What is the tens digit of 2616?
1
What is the hundreds digit of 4798?
7
What is the units digit of 39388?
8
What is the units digit of 913?
3
What is the tens digit of 1771?
7
What is the hundreds digit of 129?
1
What is the hundreds digit of 695?
6
What is the ten thousands digit of 25955?
2
What is the tens digit of 2444?
4
What is the hundreds digit of 1460?
4
What is the hundreds digit of 1373?
3
What is the hundreds digit of 201082?
0
What is the tens digit of 1434?
3
What is the tens digit of 10239?
3
What is the units digit of 176749?
9
What is the thousands digit of 1726?
1
What is the units digit of 160?
0
What is the thousands digit of 1049?
1
What is the tens digit of 326?
2
What is the tens digit of 13136?
3
What is the tens digit of 12002?
0
What is the units digit of 38114?
4
What is the hundreds digit of 8444?
4
What is the hundreds digit of 2420?
4
What is the ten thousands digit of 10585?
1
What is the thousands digit of 40652?
0
What is the tens digit of 3875?
7
What is the units digit of 304?
4
What is the tens digit of 42827?
2
What is the thousands digit of 190945?
0
What is the units digit of 1141?
1
What is the tens digit of 854?
5
What is the thousands digit of 3341?
3
What is the hundreds digit of 5145?
1
What is the hundreds digit of 11754?
7
What is the units digit of 12769?
9
What is the units digit of 839?
9
What is the tens digit of 668?
6
What is the thousands digit of 1832?
1
What is the units digit of 30282?
2
What is the units digit of 1852?
2
What is the thousands digit of 3107?
3
What is the tens digit of 134601?
0
What is the hundreds digit of 98677?
6
What is the units digit of 4782?
2
What is the thousands digit of 2689?
2
What is the units digit of 43?
3
What is the thousands digit of 1039?
1
What is the hundreds digit of 10356?
3
What is the ten thousands digit of 12249?
1
What is the ten thousands digit of 18079?
1
What is the tens digit of 2001?
0
What is the units digit of 945?
5
What is the units digit of 1036?
6
What is the hundreds digit of 306?
3
What is the units digit of 4787?
7
What is the hundreds digit of 1243?
2
What is the tens digit of 1684?
8
What is the hundreds digit of 19239?
2
What is the hundreds digit of 7439?
4
What is the units digit of 20374?
4
What is the hundreds digit of 10501?
5
What is the tens digit of 115?
1
What is the tens digit of 9649?
4
What is the tens digit of 7868?
6
What is the units digit of 20952?
2
What is the units digit of 13999?
9
What is the units digit of 8022?
2
What is the ten thousands digit of 24645?
2
What is the tens digit of 478?
7
What is the hundreds digit of 4443?
4
What is the tens digit of 1896?
9
What is the units digit of 655?
5
What is the tens digit of 1656?
5
What is the units digit of 3372?
2
What is the hundreds digit of 298?
2
What is the hundreds digit of 19088?
0
What is the tens digit of 767?
6
What is the tens digit of 8365?
6
What is the thousands digit of 1538?
1
What is the hundreds digit of 133424?
4
What is the tens digit of 11969?
6
What is the hundreds digit of 284?
2
What is the hundred thousands digit of 153932?
1
What is the hundreds digit of 511?
5
What is the units digit of 109768?
8
What is the units digit of 1077?
7
What is the tens digit of 6703?
0
What is the units digit of 52807?
7
What is the thousands digit of 3908?
3
What is the tens digit of 2774?
7
What is the units digit of 294?
4
What is the hundreds digit of 105?
1
What is the hundreds digit of 9026?
0
What is the hundreds digit of 21081?
0
What is the thousands digit of 4882?
4
What is the tens digit of 115688?
8
What is the thousands digit of 24477?
4
What is the hundreds digit of 22261?
2
What is the tens digit of 658?
5
What is the tens digit of 30587?
8
What is the tens digit of 355?
5
What is the ten thousands digit of 59815?
5
What is the tens digit of 2283?
8
What is the ten thousands digit of 10344?
1
What is the units digit of 855?
5
What is the ten thousands digit of 113468?
1
What is the units digit of 48055?
5
What is the units digit of 16474?
4
What is the units digit of 737?
7
What is the thousands digit of 3554?
3
What is the units digit of 3874?
4
What is the units digit of 5032?
2
What is the thousands digit of 25972?
5
What is the units digit of 348?
8
What is the thousands digit of 2786?
2
What is the thousands digit of 6338?
6
What is the ten thousands digit of 21344?
2
What is the hundreds digit of 5926?
9
What is the tens digit of 58096?
9
What is the ten thousands digit of 29923?
2
What is the tens digit of 80713?
1
What is the hundreds digit of 4072?
0
What is the units digit of 289?
9
What is the tens digit of 975?
7
What is the thousands digit of 1751?
1
What is the units digit of 4451?
1
What is the ten thousands digit of 99909?
9
What is the tens digit of 69686?
8
What is the hundreds digit of 335?
3
What is the hundreds digit of 28372?
3
What is the tens digit of 60362?
6
What is the tens digit of 142055?
5
What is the hundreds digit of 258?
2
What is the units digit of 173?
3
What is the tens digit of 794?
9
What is the tens digit of 3053?
5
What is the units digit of 107704?
4
What is the thousands digit of 83508?
3
What is the hundreds digit of 3087?
0
What is the hundreds digit of 10726?
7
What is the hundreds digit of 810?
8
What is the units digit of 5221?
1
What is the hundreds digit of 4951?
9
What is the tens digit of 1025?
2
What is the hundreds digit of 3791?
7
What is the ten thousands digit of 56122?
5
What is the tens digit of 38597?
9
What is the thousands digit of 8223?
8
What is the tens digit of 7009?
0
What is the units digit of 146?
6
What is the thousands digit of 7938?
7
What is the hundreds digit of 10792?
7
What is the units digit of 7442?
2
What is the tens digit of 992?
9
What is the units digit of 59894?
4
What is the tens digit of 3774?
7
What is the tens digit of 5517?
1
What is the tens digit of 1575?
7
What is the tens digit of 3584?
8
What is the hundreds digit of 310?
3
What is the thousands digit of 1292?
1
What is the tens digit of 5123?
2
What is the hundreds digit of 2938?
9
What is the thousands digit of 3245?
3
What is the thousands digit of 27137?
7
What is the tens digit of 142?
4
What is the hundreds digit of 244?
2
What is the thousands digit of 6422?
6
What is the hundreds digit of 897?
8
What is the units digit of 26467?
7
What is the tens digit of 16902?
0
What is the tens digit of 318?
1
What is the tens digit of 409